 765?
45
Calculate the highest common factor of 56 and 364.
28
What is the highest common divisor of 1140 and 180?
60
What is the greatest common divisor of 174 and 928?
58
What is the highest common factor of 208 and 1?
1
What is the greatest common divisor of 720 and 90?
90
Calculate the highest common divisor of 238 and 4.
2
Calculate the highest common factor of 8890 and 140.
70
Calculate the greatest common factor of 10 and 21310.
10
Calculate the highest common factor of 1070 and 2.
2
Calculate the highest common divisor of 132 and 12.
12
Calculate the greatest common divisor of 812 and 14268.
116
What is the greatest common factor of 142 and 1562?
142
What is the highest common divisor of 171 and 38?
19
What is the greatest common divisor of 12551 and 163?
163
What is the highest common factor of 632 and 237?
79
Calculate the greatest common divisor of 4072 and 8.
8
Calculate the highest common factor of 374 and 308.
22
What is the highest common divisor of 400 and 275?
25
Calculate the greatest common factor of 729 and 27.
27
What is the highest common divisor of 34 and 272?
34
Calculate the highest common divisor of 20 and 940.
20
What is the highest common divisor of 5 and 235?
5
What is the greatest common divisor of 53 and 16?
1
Calculate the highest common factor of 1026 and 216.
54
What is the highest common factor of 1710 and 2700?
90
Calculate the highest common factor of 6942 and 78.
78
Calculate the highest common factor of 316 and 4.
4
What is the highest common factor of 64 and 720?
16
Calculate the highest common factor of 12873 and 21.
21
What is the highest common divisor of 124 and 403?
31
What is the greatest common factor of 5762 and 86?
86
Calculate the greatest common divisor of 30 and 790.
10
What is the greatest common factor of 10 and 155?
5
Calculate the highest common factor of 13307 and 7.
7
Calculate the greatest common divisor of 1 and 61.
1
What is the greatest common factor of 1449 and 644?
161
What is the highest common divisor of 56 and 208?
8
What is the highest common divisor of 2997 and 324?
81
What is the greatest common divisor of 425 and 25?
25
What is the highest common divisor of 132 and 912?
12
Calculate the highest common divisor of 13 and 13390.
13
What is the highest common factor of 36 and 236?
4
Calculate the greatest common divisor of 9 and 2250.
9
Calculate the highest common factor of 1416 and 96.
24
What is the highest common divisor of 1235 and 585?
65
What is the greatest common divisor of 759 and 363?
33
Calculate the highest common factor of 5344 and 167.
167
What is the greatest common divisor of 29568 and 84?
84
Calculate the greatest common factor of 6 and 4.
2
What is the greatest common divisor of 3807 and 81?
81
Calculate the highest common factor of 136 and 153.
17
Calculate the greatest common divisor of 540 and 150.
30
Calculate the greatest common divisor of 1536 and 480.
96
Calculate the greatest common divisor of 8 and 28.
4
What is the greatest common divisor of 16 and 424?
8
Calculate the greatest common factor of 9215 and 582.
97
What is the highest common divisor of 763 and 327?
109
What is the highest common divisor of 660 and 108?
12
What is the highest common divisor of 305 and 61?
61
What is the highest common factor of 4 and 334?
2
What is the greatest common factor of 4485 and 8671?
299
What is the highest common divisor of 128 and 1992?
8
Calculate the highest common divisor of 624 and 4758.
78
Calculate the greatest common factor of 2684 and 176.
44
What is the greatest common factor of 122 and 8174?
122
Calculate the highest common factor of 4810 and 26.
26
What is the highest common factor of 279 and 775?
31
What is the highest common divisor of 222 and 1073?
37
Calculate the greatest common factor of 303 and 54.
3
Calculate the greatest common factor of 139 and 1.
1
What is the highest common factor of 238 and 102?
34
What is the highest common factor of 61 and 1647?
61
What is the highest common divisor of 3452 and 2?
2
Calculate the highest common divisor of 54 and 108.
54
Calculate the greatest common factor of 731 and 1247.
43
What is the highest common divisor of 5 and 755?
5
Calculate the highest common factor of 33 and 12.
3
What is the highest common divisor of 9715 and 116?
29
Calculate the highest common factor of 20 and 1190.
10
What is the highest common divisor of 261 and 29?
29
Calculate the greatest common divisor of 266 and 76.
38
What is the highest common divisor of 50 and 8350?
50
What is the greatest common divisor of 399 and 171?
57
What is the greatest common factor of 7 and 329?
7
Calculate the greatest common divisor of 95 and 5890.
95
What is the greatest common divisor of 93 and 7936?
31
Calculate the highest common divisor of 138 and 1311.
69
What is the highest common factor of 123 and 41?
41
What is the highest common factor of 7685 and 212?
53
Calculate the highest common factor of 18 and 318.
6
What is the highest common factor of 189 and 864?
27
Calculate the greatest common factor of 567 and 819.
63
What is the greatest common factor of 856 and 32?
8
What is the highest common divisor of 492 and 48?
12
Calculate the highest common factor of 4 and 556.
4
What is the greatest common factor of 3979 and 1557?
173
Calculate the greatest common factor of 40 and 200.
40
What is the highest common divisor of 22 and 8?
2
Calculate the highest common divisor of 3534 and 798.
114
What is the greatest common factor of 3008 and 64?
64
What is the greatest common factor of 104 and 3016?
104
What is the greatest common factor of 78 and 2626?
26
What is the highest common factor of 234 and 36?
18
What is the greatest common divisor of 11 and 671?
11
What is the highest common divisor of 37 and 2072?
37
Calculate the highest common divisor of 162 and 22194.
162
What is the greatest common divisor of 23723 and 7?
7
What is the greatest common divisor of 2842 and 735?
49
Calculate the highest common divisor of 787 and 1.
1
Calculate the highest common divisor of 14 and 154.
14
Calculate the highest common factor of 330 and 1815.
165
What is the greatest common factor of 58 and 2001?
29
Calculate the highest common factor of 3311 and 77.
77
What is the greatest common divisor of 1452 and 1408?
44
Calculate the highest common factor of 2398 and 121.
11
What is the greatest common divisor of 264 and 2739?
33
Calculate the greatest common divisor of 98 and 6.
2
What is the greatest common factor of 1122 and 6?
6
Calculate the greatest common factor of 6821 and 19.
19
What is the highest common divisor of 364 and 1316?
28
Calculate the highest common factor of 204 and 119.
17
Calculate the highest common divisor of 1411 and 17.
17
Calculate the highest common factor of 6128 and 2.
2
Calculate the highest common factor of 198 and 18.
18
Calculate the highest common divisor of 55 and 7.
1
Calculate the highest common divisor of 7105 and 98.
49
What is the greatest common divisor of 77 and 99?
11
Calculate the greatest common divisor of 1287 and 44.
11
What is the highest common factor of 36835 and 5?
5
What is the highest common divisor of 13620 and 6?
6
Calculate the greatest common divisor of 32 and 736.
32
What is the greatest common divisor of 1757 and 63?
7
Calculate the greatest common divisor of 32 and 5384.
8
Calculate the greatest common divisor of 104 and 377.
13
Calculate the greatest common divisor of 825 and 110.
55
What is the greatest common divisor of 9 and 37?
1
What is the highest common divisor of 126 and 1491?
21
What is the greatest common divisor of 14 and 14875?
7
What is the greatest common divisor of 636 and 132?
12
What is the highest common divisor of 1802 and 1643?
53
Calculate the highest common factor of 32 and 12.
4
What is the highest common factor of 11202 and 6?
6
What is the greatest common divisor of 1295 and 35?
35
What is the highest common factor of 434 and 42?
14
Calculate the highest common factor of 256 and 36.
4
What is the highest common factor of 594 and 1122?
66
Calculate the highest common factor of 18 and 1278.
18
Calculate the highest common factor of 100 and 40.
20
Calculate the greatest common divisor of 17280 and 128.
128
What is the greatest common divisor of 299 and 69?
23
What is the highes